{"id":221,"date":"2016-06-13T11:26:42","date_gmt":"2016-06-13T09:26:42","guid":{"rendered":"http:\/\/www.portraittheater.net\/p\/?page_id=221"},"modified":"2024-01-08T13:58:15","modified_gmt":"2024-01-08T12:58:15","slug":"simone-de-beauvoir","status":"publish","type":"page","link":"http:\/\/www.portraittheater.net\/?page_id=221","title":{"rendered":"Simone de Beauvoir"},"content":{"rendered":"<p><img loading=\"lazy\" decoding=\"async\" data-attachment-id=\"779\" data-permalink=\"http:\/\/www.portraittheater.net\/?attachment_id=779\" data-orig-file=\"http:\/\/www.portraittheater.net\/wp-content\/uploads\/2016\/06\/simone_portr-01.jpg\" data-orig-size=\"78,112\" data-comments-opened=\"0\" data-image-meta=\"{&quot;aperture&quot;:&quot;0&quot;,&quot;credit&quot;:&quot;&quot;,&quot;camera&quot;:&quot;&quot;,&quot;caption&quot;:&quot;&quot;,&quot;created_timestamp&quot;:&quot;0&quot;,&quot;copyright&quot;:&quot;&quot;,&quot;focal_length&quot;:&quot;0&quot;,&quot;iso&quot;:&quot;0&quot;,&quot;shutter_speed&quot;:&quot;0&quot;,&quot;title&quot;:&quot;&quot;,&quot;orientation&quot;:&quot;0&quot;}\" data-image-title=\"simone_portr-01\" data-image-description=\"\" data-image-caption=\"\" data-large-file=\"http:\/\/www.portraittheater.net\/wp-content\/uploads\/2016\/06\/simone_portr-01.jpg\" class=\"alignnone size-full wp-image-779\" src=\"http:\/\/www.portraittheater.net\/wp-content\/uploads\/2016\/06\/simone_portr-01.jpg\" alt=\"simone_portr-01\" width=\"78\" height=\"112\" \/> <img loading=\"lazy\" decoding=\"async\" data-attachment-id=\"780\" data-permalink=\"http:\/\/www.portraittheater.net\/?attachment_id=780\" data-orig-file=\"http:\/\/www.portraittheater.net\/wp-content\/uploads\/2016\/06\/simone_portr-02.jpg\" data-orig-size=\"124,85\" data-comments-opened=\"0\" data-image-meta=\"{&quot;aperture&quot;:&quot;0&quot;,&quot;credit&quot;:&quot;&quot;,&quot;camera&quot;:&quot;&quot;,&quot;caption&quot;:&quot;&quot;,&quot;created_timestamp&quot;:&quot;0&quot;,&quot;copyright&quot;:&quot;&quot;,&quot;focal_length&quot;:&quot;0&quot;,&quot;iso&quot;:&quot;0&quot;,&quot;shutter_speed&quot;:&quot;0&quot;,&quot;title&quot;:&quot;&quot;,&quot;orientation&quot;:&quot;0&quot;}\" data-image-title=\"simone_portr-02\" data-image-description=\"\" data-image-caption=\"\" data-large-file=\"http:\/\/www.portraittheater.net\/wp-content\/uploads\/2016\/06\/simone_portr-02.jpg\" class=\"alignnone size-full wp-image-780\" src=\"http:\/\/www.portraittheater.net\/wp-content\/uploads\/2016\/06\/simone_portr-02.jpg\" alt=\"simone_portr-02\" width=\"124\" height=\"85\" \/><\/p>\n<p><span style=\"color: #000000;\"><b>1908<\/b> 9. Januar: Simone Lucie Ernestine Marie Bertrand wird in Paris als Tochter des Anwalts Georges und der Bibliothekarin Francoise de Beauvoir geboren und streng katholisch erzogen.<\/span><\/p>\n<p><span style=\"color: #000000;\"><b>1925\/26<\/b> Studium der Philologie am Institut Sainte-Marie in Neuilly und der Mathematik am Institut Catholique in Paris.<\/span><\/p>\n<p><span style=\"color: #000000;\"><b>1926\/27<\/b> Beginn des Philosophiestudiums an der Pariser Sorbonne. Diplomarbeit \u00fcber den Philosophen Gottfried Wilhelm Leibniz. Probezeit als Lehramtskandidatin am Lyc\u00e9e Janson-de-Sailly.<\/span><\/p>\n<p><span style=\"color: #000000;\"><b>1929<\/b> Bekanntschaft mit Jean-Paul Sartre und Beginn ihrer Beziehung.<\/span><\/p>\n<p><span style=\"color: #000000;\"><b>1931\/32<\/b> Erste volle Lehrverpflichtung als Philosophielehrerin in Marseille. De Beauvoir lehnt den Heiratsantrag von Sartre aus Abneigung gegen die Ehe als &#8222;beschr\u00e4nkende Verb\u00fcrgerlichung und institutionalisierte Einmischung des Staates in Privatangelegenheiten&#8220; ab. Sartre und de Beauvoir beschlie\u00dfen eine dauernde Verbindung, in der jeder seine Unabh\u00e4ngigkeit behalten und dem anderen ein v\u00f6llig gleichberechtigter Partner sein soll.<\/span><\/p>\n<p><span style=\"color: #000000;\"><b>1932-1936<\/b> Lehrerin in Rouen.<\/span><\/p>\n<p><span style=\"color: #000000;\"><b>1936-1943<\/b> Lehrerin in Paris, zuerst am Lyc\u00e9e Moli\u00e9re, dann am Camille S\u00e9e.<\/span><\/p>\n<p><span style=\"color: #000000;\"><b>1940-1944<\/b> W\u00e4hrend der deutschen Besatzungszeit bleibt sie in Paris. Freundschaft mit Albert Camus, Bekanntschaft mit Jean Genet, Alberto Giacometti, Pablo Picasso und anderen K\u00fcnstlern, mit denen sich Beauvoir und Sartre h\u00e4ufig in ihrem Stammcaf\u00e9 Caf\u00e9 Flore am Boulevard St. Germain-des-Pr\u00e9s treffen.<\/span><\/p>\n<p><span style=\"color: #000000;\"><b>1941<\/b> R\u00fcckkehr Sartres aus der deutschen Kriegsgefangenschaft. Gr\u00fcndung der R\u00e9sistance-Gruppe &#8222;Socialisme et Libert\u00e9&#8220;.<\/span><\/p>\n<p><span style=\"color: #000000;\"><b>1943<\/b> Entlassung aus dem Schuldienst wegen &#8222;Verf\u00fchrung Minderj\u00e4hriger&#8220;, weil sie die Beziehung einer Sch\u00fclerin zu einem spanischen Juden verteidigt. Ver\u00f6ffentlichung von de Beauvoirs erstem Roman. &#8222;Sie kam und blieb&#8220;. De Beauvoir ist fortan als freie Schriftstellerin t\u00e4tig.<\/span><\/p>\n<p><span style=\"color: #000000;\"><b>1943\/44<\/b> Programmgestalterin bei Radio Nationale.<\/span><\/p>\n<p><span style=\"color: #000000;\"><b>1944<\/b> Ver\u00f6ffentlichung ihres ersten philosophischen Essays &#8222;Pyrrhus und Cineas&#8220;.<\/span><\/p>\n<p><span style=\"color: #000000;\">ab <b>1945<\/b> Mitarbeiterin der von Sartre gegr\u00fcndeten politisch-literarischen Zeitschrift &#8222;Les Temps Modernes&#8220;. In der Zeitschrift publiziert sie ihre philosophischen Aufs\u00e4tze, die sp\u00e4ter auch einzeln ver\u00f6ffentlicht werden.<\/span><\/p>\n<p><span style=\"color: #000000;\"><b>1947<\/b> Erste Reise in die USA. Dort lernt sie den amerikanischen Schriftsteller Nelson Algren kennen und lieben.<\/span><\/p>\n<p><span style=\"color: #000000;\"><b>1949<\/b> Ver\u00f6ffentlichung der Schrift &#8222;Das andere Geschlecht&#8220;<\/span><\/p>\n<p><span style=\"color: #000000;\"><b>1952<\/b> Beginn der Beziehung zu Claude Lanzmann, Mitarbeiter und sp\u00e4ter Herausgeber der &#8222;Temps Modernes&#8220;.<\/span><\/p>\n<p><span style=\"color: #000000;\"><b>1954<\/b> Sie erh\u00e4lt den Prix Goncourt f\u00fcr &#8222;Die Mandarins von Paris&#8220;. Beginn gro\u00dfer Reisen mit Sartre.<\/span><\/p>\n<p><span style=\"color: #000000;\"><b>1958-1972<\/b> In ihren autobiographischen Schriften legt sie Zeugnis ab \u00fcber ihr Leben und Denken: &#8222;Memoiren einer Tochter aus gutem Hause&#8220;<\/span><\/p>\n<p><span style=\"color: #000000;\"><b>1967<\/b> Mitglied des Russell-Tribunal gegen die Kriegsverbrechen in Vietnam.<\/span><\/p>\n<p><span style=\"color: #000000;\"><b>1970<\/b> &#8222;Das Alter&#8220;, ein Essayband, der sich soziologisch und literarisch mit dem Altern auseinandersetzt, erscheint.<\/span><\/p>\n<p><span style=\"color: #000000;\"><b>1971<\/b> De Beauvoir unterschreibt im Kampf um ein neues Abtreibungsgesetz in Frankreich zusammen mit anderen Frauen eine \u00f6ffentliche Erkl\u00e4rung &#8222;Ich habe abgetrieben&#8220;.<\/span><\/p>\n<p><span style=\"color: #000000;\"><b>1974<\/b> Pr\u00e4sidentin der &#8222;Liga f\u00fcr Frauenrechte&#8220; in Frankreich.<\/span><\/p>\n<p><span style=\"color: #000000;\"><b>1978<\/b> Auszeichnung mit dem Gro\u00dfen \u00f6sterreichischen Staatspreis f\u00fcr europ\u00e4ische Literatur.<\/span><\/p>\n<p><span style=\"color: #000000;\"><b>1980<\/b> Tod Jean-Paul Sartres.<\/span><\/p>\n<p><span style=\"color: #000000;\"><b>1981<\/b> &#8222;Die Zeremonie des Abschieds und Gespr\u00e4che mit Jean-Paul Sartre&#8220;.<\/span><\/p>\n<p><span style=\"color: #000000;\"><b>1983<\/b> De Beauvoir \u00fcbernimmt den Vorsitz in einer Kommission, die im Auftrag der Regierung eine &#8222;Kulturpolitik f\u00fcr die Frauen&#8220; entwerfen soll. Alice Schwarzer ver\u00f6ffentlicht &#8222;Simone de Beauvoir heute&#8220;, eine Sammlung von Interviews mit de Beauvoir aus den Jahren 1972-1982. Auszeichnung mit dem d\u00e4nischen Sonning-Preis.<\/span><\/p>\n<p><span style=\"color: #000000;\"><b>1986<\/b> 14. April: Simone de Beauvoir stirbt in Paris.<\/span><\/p>\n<p style=\"text-align: right;\"><span style=\"color: #000000;\"><em>Quelle: Wikipedia<\/em><\/span><\/p>\n","protected":false},"excerpt":{"rendered":"<p>1908 9. Januar: Simone Lucie Ernestine Marie Bertrand wird in Paris als Tochter des Anwalts Georges und der Bibliothekarin Francoise de Beauvoir geboren und streng katholisch erzogen. 1925\/26 Studium der Philologie am Institut Sainte-Marie in Neuilly und der Mathematik am Institut Catholique in Paris. 1926\/27 Beginn des Philosophiestudiums an der Pariser Sorbonne. Diplomarbeit \u00fcber den&hellip;<\/p>\n","protected":false},"author":1,"featured_media":0,"parent":217,"menu_order":1,"comment_status":"closed","ping_status":"closed","template":"","meta":{"footnotes":""},"tags":[21],"class_list":["post-221","page","type-page","status-publish","hentry","tag-simone-de-beauvoir","empty-entry-meta"],"jetpack_sharing_enabled":true,"_links":{"self":[{"href":"http:\/\/www.portraittheater.net\/index.php?rest_route=\/wp\/v2\/pages\/221","targetHints":{"allow":["GET"]}}],"collection":[{"href":"http:\/\/www.portraittheater.net\/index.php?rest_route=\/wp\/v2\/pages"}],"about":[{"href":"http:\/\/www.portraittheater.net\/index.php?rest_route=\/wp\/v2\/types\/page"}],"author":[{"embeddable":true,"href":"http:\/\/www.portraittheater.net\/index.php?rest_route=\/wp\/v2\/users\/1"}],"replies":[{"embeddable":true,"href":"http:\/\/www.portraittheater.net\/index.php?rest_route=%2Fwp%2Fv2%2Fcomments&post=221"}],"version-history":[{"count":2,"href":"http:\/\/www.portraittheater.net\/index.php?rest_route=\/wp\/v2\/pages\/221\/revisions"}],"predecessor-version":[{"id":3316,"href":"http:\/\/www.portraittheater.net\/index.php?rest_route=\/wp\/v2\/pages\/221\/revisions\/3316"}],"up":[{"embeddable":true,"href":"http:\/\/www.portraittheater.net\/index.php?rest_route=\/wp\/v2\/pages\/217"}],"wp:attachment":[{"href":"http:\/\/www.portraittheater.net\/index.php?rest_route=%2Fwp%2Fv2%2Fmedia&parent=221"}],"wp:term":[{"taxonomy":"post_tag","embeddable":true,"href":"http:\/\/www.portraittheater.net\/index.php?rest_route=%2Fwp%2Fv2%2Ftags&post=221"}],"curies":[{"name":"wp","href":"https:\/\/api.w.org\/{rel}","templated":true}]}}