{"id":848,"date":"2012-03-27T21:44:50","date_gmt":"2012-03-27T19:44:50","guid":{"rendered":"http:\/\/www.portraittheater.net\/?post_type=jetpack-portfolio&#038;p=848"},"modified":"2024-01-07T15:21:11","modified_gmt":"2024-01-07T14:21:11","slug":"wie-soll-ich-meine-seele-halten","status":"publish","type":"jetpack-portfolio","link":"https:\/\/www.portraittheater.net\/?portfolio=wie-soll-ich-meine-seele-halten","title":{"rendered":"Wie soll ich meine Seele halten"},"content":{"rendered":"<h5>Hommage an eine gro\u00dfe Stimme<\/h5>\n<p><a href=\"http:\/\/www.portraittheater.net\/wp-content\/uploads\/2016\/06\/werner_prod-01.jpg\"><img loading=\"lazy\" decoding=\"async\" data-attachment-id=\"849\" data-permalink=\"https:\/\/www.portraittheater.net\/?attachment_id=849\" data-orig-file=\"https:\/\/www.portraittheater.net\/wp-content\/uploads\/2016\/06\/werner_prod-01.jpg\" data-orig-size=\"300,400\" data-comments-opened=\"0\" data-image-meta=\"{&quot;aperture&quot;:&quot;4&quot;,&quot;credit&quot;:&quot;&quot;,&quot;camera&quot;:&quot;EX-Z750&quot;,&quot;caption&quot;:&quot;&quot;,&quot;created_timestamp&quot;:&quot;1337257744&quot;,&quot;copyright&quot;:&quot;&quot;,&quot;focal_length&quot;:&quot;14.2&quot;,&quot;iso&quot;:&quot;0&quot;,&quot;shutter_speed&quot;:&quot;0.005&quot;,&quot;title&quot;:&quot;&quot;,&quot;orientation&quot;:&quot;1&quot;}\" data-image-title=\"werner_prod-01\" data-image-description=\"\" data-image-caption=\"\" data-large-file=\"https:\/\/www.portraittheater.net\/wp-content\/uploads\/2016\/06\/werner_prod-01.jpg\" class=\"alignnone wp-image-849 size-full\" src=\"http:\/\/www.portraittheater.net\/wp-content\/uploads\/2016\/06\/werner_prod-01.jpg\" alt=\"werner_prod-01\" width=\"300\" height=\"400\" srcset=\"https:\/\/www.portraittheater.net\/wp-content\/uploads\/2016\/06\/werner_prod-01.jpg 300w, https:\/\/www.portraittheater.net\/wp-content\/uploads\/2016\/06\/werner_prod-01-225x300.jpg 225w, https:\/\/www.portraittheater.net\/wp-content\/uploads\/2016\/06\/werner_prod-01-135x180.jpg 135w\" sizes=\"auto, (max-width: 300px) 100vw, 300px\" \/><\/a><br \/>\n<span style=\"font-size: small;\">(Foto: \u00a9 portraittheater)<\/span><\/p>\n<h5>Eine szenisch literarische Collage<\/h5>\n<p><span style=\"color: #000000;\"><b>Unumstritten<\/b> war Oskar Werner zeitlebens in keinster Weise.<\/span><br \/>\n<span style=\"color: #000000;\">Weder in seinen Rollen, noch in seiner Regiearbeit und seinen unkoventionellen Ideen.<\/span><\/p>\n<p><span style=\"color: #000000;\"><b>Unumstritten<\/b> jedoch war und ist die Magie seiner sprachlichen Gestaltung im Vortrag von Gedichten, Texten, Monologen. In Filmen, am Theater und am Podium.<\/span><\/p>\n<p><span style=\"color: #000000;\"><b>Unumstritten<\/b> und konsequent war Oskar Werner &#8211; auch aufgrund eigener Erfahrungen &#8211; als unerm\u00fcdlicher Mahner gegen Krieg und Gewalt.<\/span><\/p>\n<p><span style=\"color: #000000;\"><b>Ohne falschen Pathos und Nachahmung<\/b>, sondern mit gro\u00dfem Respekt f\u00fcr diesen Ausnahmek\u00fcnstler setzt Rudi Hausmann einen Schwerpunkt auf Werke R. M. Rilke, F. Schiller, W. Shakespeare, u.a. die Oskar Werners legend\u00e4re Auftritte wieder in Erinnerung rufen. Die ausgew\u00e4hlten Texte haben einen starken Bezug zu unterschiedlichen Stationen seines Lebens. Durch die lebendige, einf\u00fchlsame Gestaltung kann das Publikum daran Anteil nehmen.<\/span><\/p>\n<h5><span style=\"color: #000000;\">Produktionsdaten:<\/span><\/h5>\n<p><span style=\"color: #000000;\">Titel: &#8222;Wie soll ich meine Seele halten&#8220; Hommage an eine gro\u00dfe Stimme<\/span><br \/>\n<span style=\"color: #000000;\">Gattung: Szenisch-literarische Collage mit Musik<\/span><br \/>\n<span style=\"color: #000000;\">Premiere: Herbst 2012<\/span><br \/>\n<span style=\"color: #000000;\">Dauer: 70 Minuten<\/span><br \/>\n<span style=\"color: #000000;\">Produktion: portraittheater<\/span><br \/>\n<span style=\"color: #000000;\">Idee und Konzeption: Rudi Hausmann und Brigitte Pointner<\/span><br \/>\n<span style=\"color: #000000;\">Rezitation: Rudi Hausmann<\/span><br \/>\n<span style=\"color: #000000;\">Regie: Brigitte Pointner<\/span><br \/>\n<span style=\"color: #000000;\">Kontakt: <a style=\"color: #000000;\" href=\"&#109;&#x61;i&#108;&#x74;&#111;&#x3a;o&#102;&#x66;i&#x63;&#x65;&#64;&#x70;o&#114;&#x74;r&#x61;&#x69;&#116;&#x74;h&#101;&#x61;&#116;&#x65;r&#46;&#x6e;e&#116;\">&#111;&#x66;&#102;&#x69;&#99;&#x65;&#64;&#x70;o&#114;&#x74;&#114;&#x61;&#105;&#x74;t&#x68;e&#97;&#x74;&#101;&#x72;&#46;&#x6e;&#101;&#x74;<\/a><\/span><\/p>\n<p><span style=\"color: #000000;\">Gef\u00f6rdert durch die Bezirksvorstehung Mariahilf <img loading=\"lazy\" decoding=\"async\" data-attachment-id=\"716\" data-permalink=\"https:\/\/www.portraittheater.net\/?attachment_id=716\" data-orig-file=\"https:\/\/www.portraittheater.net\/wp-content\/uploads\/2016\/06\/logo_mariahilf.jpg\" data-orig-size=\"120,97\" data-comments-opened=\"1\" data-image-meta=\"{&quot;aperture&quot;:&quot;0&quot;,&quot;credit&quot;:&quot;&quot;,&quot;camera&quot;:&quot;&quot;,&quot;caption&quot;:&quot;&quot;,&quot;created_timestamp&quot;:&quot;0&quot;,&quot;copyright&quot;:&quot;&quot;,&quot;focal_length&quot;:&quot;0&quot;,&quot;iso&quot;:&quot;0&quot;,&quot;shutter_speed&quot;:&quot;0&quot;,&quot;title&quot;:&quot;&quot;,&quot;orientation&quot;:&quot;0&quot;}\" data-image-title=\"logo_mariahilf\" data-image-description=\"\" data-image-caption=\"\" data-large-file=\"https:\/\/www.portraittheater.net\/wp-content\/uploads\/2016\/06\/logo_mariahilf.jpg\" class=\"wp-image-716 alignnone\" style=\"vertical-align: middle; padding-left: 31px;\" src=\"http:\/\/www.portraittheater.net\/wp-content\/uploads\/2016\/06\/logo_mariahilf.jpg\" alt=\"logo_mariahilf\" width=\"100\" height=\"81\" \/><\/span><\/p>\n","protected":false},"excerpt":{"rendered":"<p>Hommage an eine gro\u00dfe Stimme (Foto: \u00a9 portraittheater) Eine szenisch literarische Collage Unumstritten war Oskar Werner zeitlebens in keinster Weise. Weder in seinen Rollen, noch in seiner Regiearbeit und seinen unkoventionellen Ideen. Unumstritten jedoch war und ist die Magie seiner sprachlichen Gestaltung im Vortrag von Gedichten, Texten, Monologen. In Filmen, am Theater und am Podium.&hellip;<\/p>\n","protected":false},"author":1,"featured_media":849,"comment_status":"closed","ping_status":"closed","template":"","format":"standard","meta":{"footnotes":""},"jetpack-portfolio-type":[64],"jetpack-portfolio-tag":[43,44],"class_list":["post-848","jetpack-portfolio","type-jetpack-portfolio","status-publish","format-standard","has-post-thumbnail","hentry","jetpack-portfolio-type-side-project","jetpack-portfolio-tag-oskar-werner","jetpack-portfolio-tag-wie-soll-ich-meine-seele-halten","portfolio-entry"],"jetpack_sharing_enabled":true,"_links":{"self":[{"href":"https:\/\/www.portraittheater.net\/index.php?rest_route=\/wp\/v2\/jetpack-portfolio\/848","targetHints":{"allow":["GET"]}}],"collection":[{"href":"https:\/\/www.portraittheater.net\/index.php?rest_route=\/wp\/v2\/jetpack-portfolio"}],"about":[{"href":"https:\/\/www.portraittheater.net\/index.php?rest_route=\/wp\/v2\/types\/jetpack-portfolio"}],"author":[{"embeddable":true,"href":"https:\/\/www.portraittheater.net\/index.php?rest_route=\/wp\/v2\/users\/1"}],"replies":[{"embeddable":true,"href":"https:\/\/www.portraittheater.net\/index.php?rest_route=%2Fwp%2Fv2%2Fcomments&post=848"}],"version-history":[{"count":1,"href":"https:\/\/www.portraittheater.net\/index.php?rest_route=\/wp\/v2\/jetpack-portfolio\/848\/revisions"}],"predecessor-version":[{"id":3295,"href":"https:\/\/www.portraittheater.net\/index.php?rest_route=\/wp\/v2\/jetpack-portfolio\/848\/revisions\/3295"}],"wp:featuredmedia":[{"embeddable":true,"href":"https:\/\/www.portraittheater.net\/index.php?rest_route=\/wp\/v2\/media\/849"}],"wp:attachment":[{"href":"https:\/\/www.portraittheater.net\/index.php?rest_route=%2Fwp%2Fv2%2Fmedia&parent=848"}],"wp:term":[{"taxonomy":"jetpack-portfolio-type","embeddable":true,"href":"https:\/\/www.portraittheater.net\/index.php?rest_route=%2Fwp%2Fv2%2Fjetpack-portfolio-type&post=848"},{"taxonomy":"jetpack-portfolio-tag","embeddable":true,"href":"https:\/\/www.portraittheater.net\/index.php?rest_route=%2Fwp%2Fv2%2Fjetpack-portfolio-tag&post=848"}],"curies":[{"name":"wp","href":"https:\/\/api.w.org\/{rel}","templated":true}]}}

<h5>Hommage an eine große Stimme</h5>
<p><a href="http://www.portraittheater.net/wp-content/uploads/2016/06/werner_prod-01.jpg"><img loading="lazy" decoding="async" data-attachment-id="849" data-permalink="https://www.portraittheater.net/?attachment_id=849" data-orig-file="https://www.portraittheater.net/wp-content/uploads/2016/06/werner_prod-01.jpg" data-orig-size="300,400" data-comments-opened="0" data-image-meta="{&quot;aperture&quot;:&quot;4&quot;,&quot;credit&quot;:&quot;&quot;,&quot;camera&quot;:&quot;EX-Z750&quot;,&quot;caption&quot;:&quot;&quot;,&quot;created_timestamp&quot;:&quot;1337257744&quot;,&quot;copyright&quot;:&quot;&quot;,&quot;focal_length&quot;:&quot;14.2&quot;,&quot;iso&quot;:&quot;0&quot;,&quot;shutter_speed&quot;:&quot;0.005&quot;,&quot;title&quot;:&quot;&quot;,&quot;orientation&quot;:&quot;1&quot;}" data-image-title="werner_prod-01" data-image-description="" data-image-caption="" data-large-file="https://www.portraittheater.net/wp-content/uploads/2016/06/werner_prod-01.jpg" class="alignnone wp-image-849 size-full" src="http://www.portraittheater.net/wp-content/uploads/2016/06/werner_prod-01.jpg" alt="werner_prod-01" width="300" height="400" srcset="https://www.portraittheater.net/wp-content/uploads/2016/06/werner_prod-01.jpg 300w, https://www.portraittheater.net/wp-content/uploads/2016/06/werner_prod-01-225x300.jpg 225w, https://www.portraittheater.net/wp-content/uploads/2016/06/werner_prod-01-135x180.jpg 135w" sizes="auto, (max-width: 300px) 100vw, 300px" /></a><br />
<span style="font-size: small;">(Foto: © portraittheater)</span></p>
<h5>Eine szenisch literarische Collage</h5>
<p><span style="color: #000000;"><b>Unumstritten</b> war Oskar Werner zeitlebens in keinster Weise.</span><br />
<span style="color: #000000;">Weder in seinen Rollen, noch in seiner Regiearbeit und seinen unkoventionellen Ideen.</span></p>
<p><span style="color: #000000;"><b>Unumstritten</b> jedoch war und ist die Magie seiner sprachlichen Gestaltung im Vortrag von Gedichten, Texten, Monologen. In Filmen, am Theater und am Podium.</span></p>
<p><span style="color: #000000;"><b>Unumstritten</b> und konsequent war Oskar Werner &#8211; auch aufgrund eigener Erfahrungen &#8211; als unermüdlicher Mahner gegen Krieg und Gewalt.</span></p>
<p><span style="color: #000000;"><b>Ohne falschen Pathos und Nachahmung</b>, sondern mit großem Respekt für diesen Ausnahmekünstler setzt Rudi Hausmann einen Schwerpunkt auf Werke R. M. Rilke, F. Schiller, W. Shakespeare, u.a. die Oskar Werners legendäre Auftritte wieder in Erinnerung rufen. Die ausgewählten Texte haben einen starken Bezug zu unterschiedlichen Stationen seines Lebens. Durch die lebendige, einfühlsame Gestaltung kann das Publikum daran Anteil nehmen.</span></p>
<h5><span style="color: #000000;">Produktionsdaten:</span></h5>
<p><span style="color: #000000;">Titel: &#8222;Wie soll ich meine Seele halten&#8220; Hommage an eine große Stimme</span><br />
<span style="color: #000000;">Gattung: Szenisch-literarische Collage mit Musik</span><br />
<span style="color: #000000;">Premiere: Herbst 2012</span><br />
<span style="color: #000000;">Dauer: 70 Minuten</span><br />
<span style="color: #000000;">Produktion: portraittheater</span><br />
<span style="color: #000000;">Idee und Konzeption: Rudi Hausmann und Brigitte Pointner</span><br />
<span style="color: #000000;">Rezitation: Rudi Hausmann</span><br />
<span style="color: #000000;">Regie: Brigitte Pointner</span><br />
<span style="color: #000000;">Kontakt: <a style="color: #000000;" href="&#109;&#x61;i&#108;&#x74;&#111;&#x3a;o&#102;&#x66;i&#x63;&#x65;&#64;&#x70;o&#114;&#x74;r&#x61;&#x69;&#116;&#x74;h&#101;&#x61;&#116;&#x65;r&#46;&#x6e;e&#116;">&#111;&#x66;&#102;&#x69;&#99;&#x65;&#64;&#x70;o&#114;&#x74;&#114;&#x61;&#105;&#x74;t&#x68;e&#97;&#x74;&#101;&#x72;&#46;&#x6e;&#101;&#x74;</a></span></p>
<p><span style="color: #000000;">Gefördert durch die Bezirksvorstehung Mariahilf <img loading="lazy" decoding="async" data-attachment-id="716" data-permalink="https://www.portraittheater.net/?attachment_id=716" data-orig-file="https://www.portraittheater.net/wp-content/uploads/2016/06/logo_mariahilf.jpg" data-orig-size="120,97" data-comments-opened="1" data-image-meta="{&quot;aperture&quot;:&quot;0&quot;,&quot;credit&quot;:&quot;&quot;,&quot;camera&quot;:&quot;&quot;,&quot;caption&quot;:&quot;&quot;,&quot;created_timestamp&quot;:&quot;0&quot;,&quot;copyright&quot;:&quot;&quot;,&quot;focal_length&quot;:&quot;0&quot;,&quot;iso&quot;:&quot;0&quot;,&quot;shutter_speed&quot;:&quot;0&quot;,&quot;title&quot;:&quot;&quot;,&quot;orientation&quot;:&quot;0&quot;}" data-image-title="logo_mariahilf" data-image-description="" data-image-caption="" data-large-file="https://www.portraittheater.net/wp-content/uploads/2016/06/logo_mariahilf.jpg" class="wp-image-716 alignnone" style="vertical-align: middle; padding-left: 31px;" src="http://www.portraittheater.net/wp-content/uploads/2016/06/logo_mariahilf.jpg" alt="logo_mariahilf" width="100" height="81" /></span></p>

<p>Hommage an eine große Stimme (Foto: © portraittheater) Eine szenisch literarische Collage Unumstritten war Oskar Werner zeitlebens in keinster Weise. Weder in seinen Rollen, noch in seiner Regiearbeit und seinen unkoventionellen Ideen. Unumstritten jedoch war und ist die Magie seiner sprachlichen Gestaltung im Vortrag von Gedichten, Texten, Monologen. In Filmen, am Theater und am Podium.&hellip;</p>
