{"id":1567,"date":"2018-05-22T19:39:11","date_gmt":"2018-05-22T17:39:11","guid":{"rendered":"http:\/\/www.portraittheater.net\/?page_id=1567"},"modified":"2018-05-23T15:35:17","modified_gmt":"2018-05-23T13:35:17","slug":"impressum-2","status":"publish","type":"page","link":"https:\/\/www.portraittheater.net\/?page_id=1567","title":{"rendered":"Datenschutz"},"content":{"rendered":"<h2>Geltungsbereich<\/h2>\n<p>Diese Datenschutzerkl\u00e4rung soll Sie \u2013 als NutzerInnen dieser Website \u2013 gem\u00e4\u00df Datenschutzgesetz und Telekommunikationsgesetz \u00fcber die Art, den Umfang und den Zweck der Erhebung und Verwendung personenbezogener Daten durch uns \u2013 den Websitebetreiber portraittheater \u2013 informieren.<\/p>\n<p>Wir nehmen Ihren Datenschutz ernst und behandeln Ihre personenbezogenen Daten vertraulich und entsprechend den gesetzlichen Vorschriften. Bedenken Sie, dass die Daten\u00fcbertragung im Internet grunds\u00e4tzlich mit Sicherheitsl\u00fccken bedacht sein kann. Ein vollumf\u00e4nglicher Schutz vor dem Zugriff durch Fremde ist nicht realisierbar.<\/p>\n<p>Unsere Website baut auf dem freien Content-Management-System WordPress (https:\/\/wordpress.org) auf, das unter der GNU GPLv2+ Lizenz ver\u00f6ffentlicht wird.<\/p>\n<h2>Zugriffsdaten<\/h2>\n<p>Der Websitebetreiber bzw. Seitenprovider erhebt Daten \u00fcber Zugriffe auf die Seite und speichert diese am Server als Logfiles ab. Folgende Daten werden so protokolliert:<\/p>\n<p>Besuchte Seite<br \/>\nUhrzeit zum Zeitpunkt des Zugriffes<br \/>\nMenge der gesendeten Daten in Byte<br \/>\nQuelle\/Verweis, von welchem Sie auf die Seite gelangten<br \/>\nVerwendeter Browser<br \/>\nVerwendetes Betriebssystem<br \/>\nVerwendete IP-Adresse<\/p>\n<p>Die erhobenen Daten dienen lediglich statistischen Auswertungen und zur Verbesserung der Website. Der Websitebetreiber beh\u00e4lt sich allerdings vor, die Server-Logfiles nachtr\u00e4glich zu \u00fcberpr\u00fcfen, sollten konkrete Anhaltspunkte auf eine rechtswidrige Nutzung hinweisen.<\/p>\n<h2>Webanalyse mit Jetpack<\/h2>\n<p>Auf unserer Website nutzen wir Jetpack, ein Tool zur statistischen Auswertung der Besucherzugriffe, betrieben von Automattic, Inc. 132 Hawthorne Street San Francisco, CA 94107, USA, unter Einsatz der Trackingtechnologie von Quantcast Inc., 201 3rd St, Floor 2, San Francisco, CA 94103-3153, USA.<\/p>\n<h2>Cookies<\/h2>\n<p>Diese Website verwendet Cookies. Dabei handelt es sich um kleine Textdateien, welche durch Ihren Browser auf Ihrem Endger\u00e4t gespeichert werden. Ihr Browser greift auf diese Dateien zu. G\u00e4ngige Browser bieten die Einstellungsm\u00f6glichkeit, Cookies nicht zuzulassen. Ziehen Sie in Betracht Cookies durch Drittanbieter (d.h. nicht den Websitebetreiber selbst) nicht automatisch zuzulassen.<\/p>\n<h2>Nutzung von YouTube<\/h2>\n<p>Auf unserer Webseite sind Funktionen des Dienstes YouTube eingebettet. Diese Funktionen werden durch die YouTube, LLC, 901 Cherry Ave., San Bruno, CA 94066, USA angeboten. Die eingebundenen YouTube-Videos legen beim Aufrufen der einbindenden Website Cookies auf Ihrem Endger\u00e4t ab.<\/p>\n<h2>Links zu externen Seiten<\/h2>\n<p>Wir \u00fcberpr\u00fcfen Links, die unsere Website verlassen, sorgf\u00e4ltig. Trotzdem \u00fcbernehmen wir f\u00fcr Inhalte auf Seiten, auf die von unserer Website verlinkt wird, keinerlei Verantwortung oder Haftung.<\/p>\n<h2>Umgang mit personenbezogenen Daten<\/h2>\n<p>Der Websitebetreiber erhebt, nutzt und gibt Ihre personenbezogenen Daten nur dann weiter, wenn dies im gesetzlichen Rahmen erlaubt ist oder Sie in die Datenerhebung ausdr\u00fccklich einwilligen. Als personenbezogene Daten gelten dabei s\u00e4mtliche Informationen, welche dazu dienen, Ihre Person zu bestimmen und welche zu Ihnen zur\u00fcckverfolgt werden k\u00f6nnen \u2013 also beispielsweise Ihr Name, Ihre E-Mail-Adresse oder Telefonnummer.<\/p>\n<h2>Umgang mit Kontaktdaten<\/h2>\n<p>Nehmen Sie mit uns durch die angebotenen Kontaktm\u00f6glichkeiten Verbindung auf, werden Ihre Angaben gespeichert, damit auf diese zur Bearbeitung und Beantwortung Ihrer Anfrage zur\u00fcckgegriffen werden kann. Ohne Ihre Einwilligung werden diese Daten nicht an Dritte weitergegeben.<\/p>\n<h2>Rechte des Nutzers<\/h2>\n<p>Ihnen stehen grunds\u00e4tzlich die Rechte auf Auskunft, Berichtigung, L\u00f6schung, Einschr\u00e4nkung, Daten\u00fcbertragbarkeit, Widerruf und Widerspruch zu. Sie als Nutzer erhalten auf Antrag Ihrerseits kostenlose Auskunft dar\u00fcber, welche personenbezogenen Daten \u00fcber Sie gespeichert wurden. Sofern Ihr Wunsch nicht mit einer gesetzlichen Pflicht zur Aufbewahrung von Daten kollidiert, haben Sie ein Anrecht auf Berichtigung falscher Daten und auf die Sperrung oder L\u00f6schung Ihrer personenbezogenen Daten.<\/p>\n<h2>Kontakt<\/h2>\n<p>Sie erreichen uns unter folgenden Kontaktdaten:<\/p>\n<p>Anita Zieher, Obfrau portraittheater<br \/>\nMobil: +43 (0) 699 \/ 195 808 74<br \/>\nE-Mail: <a href=\"m&#97;&#105;&#108;&#x74;&#x6f;&#x3a;an&#105;&#116;&#x61;&#x2e;&#x7a;&#x69;eh&#101;&#114;&#x40;&#x70;&#x6f;&#x72;t&#114;&#97;&#105;&#x74;&#x74;&#x68;ea&#116;&#101;&#114;&#x2e;&#x6e;&#x65;t\">a&#110;&#105;&#x74;&#x61;&#x2e;&#x7a;i&#101;&#104;&#101;&#x72;&#x40;&#x70;or&#116;&#114;&#x61;&#x69;&#x74;th&#101;&#97;&#x74;&#x65;&#x72;&#46;n&#101;&#116;<\/a><\/p>\n","protected":false},"excerpt":{"rendered":"<p>Geltungsbereich Diese Datenschutzerkl\u00e4rung soll Sie \u2013 als NutzerInnen dieser Website \u2013 gem\u00e4\u00df Datenschutzgesetz und Telekommunikationsgesetz \u00fcber die Art, den Umfang und den Zweck der Erhebung und Verwendung personenbezogener Daten durch uns \u2013 den Websitebetreiber portraittheater \u2013 informieren. Wir nehmen Ihren Datenschutz ernst und behandeln Ihre personenbezogenen Daten vertraulich und entsprechend den gesetzlichen Vorschriften. Bedenken Sie,&hellip;<\/p>\n","protected":false},"author":1,"featured_media":0,"parent":137,"menu_order":0,"comment_status":"closed","ping_status":"closed","template":"","meta":{"footnotes":""},"tags":[],"class_list":["post-1567","page","type-page","status-publish","hentry","empty-entry-meta"],"jetpack_sharing_enabled":true,"_links":{"self":[{"href":"https:\/\/www.portraittheater.net\/index.php?rest_route=\/wp\/v2\/pages\/1567","targetHints":{"allow":["GET"]}}],"collection":[{"href":"https:\/\/www.portraittheater.net\/index.php?rest_route=\/wp\/v2\/pages"}],"about":[{"href":"https:\/\/www.portraittheater.net\/index.php?rest_route=\/wp\/v2\/types\/page"}],"author":[{"embeddable":true,"href":"https:\/\/www.portraittheater.net\/index.php?rest_route=\/wp\/v2\/users\/1"}],"replies":[{"embeddable":true,"href":"https:\/\/www.portraittheater.net\/index.php?rest_route=%2Fwp%2Fv2%2Fcomments&post=1567"}],"version-history":[{"count":3,"href":"https:\/\/www.portraittheater.net\/index.php?rest_route=\/wp\/v2\/pages\/1567\/revisions"}],"predecessor-version":[{"id":1572,"href":"https:\/\/www.portraittheater.net\/index.php?rest_route=\/wp\/v2\/pages\/1567\/revisions\/1572"}],"up":[{"embeddable":true,"href":"https:\/\/www.portraittheater.net\/index.php?rest_route=\/wp\/v2\/pages\/137"}],"wp:attachment":[{"href":"https:\/\/www.portraittheater.net\/index.php?rest_route=%2Fwp%2Fv2%2Fmedia&parent=1567"}],"wp:term":[{"taxonomy":"post_tag","embeddable":true,"href":"https:\/\/www.portraittheater.net\/index.php?rest_route=%2Fwp%2Fv2%2Ftags&post=1567"}],"curies":[{"name":"wp","href":"https:\/\/api.w.org\/{rel}","templated":true}]}}