{"id":646,"date":"2016-04-23T19:18:54","date_gmt":"2016-04-23T17:18:54","guid":{"rendered":"http:\/\/www.portraittheater.net\/p\/?page_id=481"},"modified":"2024-01-08T13:54:27","modified_gmt":"2024-01-08T12:54:27","slug":"lise-meitner","status":"publish","type":"page","link":"https:\/\/www.portraittheater.net\/?page_id=646","title":{"rendered":"Lise Meitner"},"content":{"rendered":"<p><img loading=\"lazy\" decoding=\"async\" data-attachment-id=\"770\" data-permalink=\"https:\/\/www.portraittheater.net\/?attachment_id=770\" data-orig-file=\"https:\/\/www.portraittheater.net\/wp-content\/uploads\/2016\/04\/lise_portr-01.jpg\" data-orig-size=\"130,143\" data-comments-opened=\"0\" data-image-meta=\"{&quot;aperture&quot;:&quot;0&quot;,&quot;credit&quot;:&quot;&quot;,&quot;camera&quot;:&quot;&quot;,&quot;caption&quot;:&quot;&quot;,&quot;created_timestamp&quot;:&quot;0&quot;,&quot;copyright&quot;:&quot;&quot;,&quot;focal_length&quot;:&quot;0&quot;,&quot;iso&quot;:&quot;0&quot;,&quot;shutter_speed&quot;:&quot;0&quot;,&quot;title&quot;:&quot;&quot;,&quot;orientation&quot;:&quot;0&quot;}\" data-image-title=\"lise_portr-01\" data-image-description=\"\" data-image-caption=\"\" data-large-file=\"https:\/\/www.portraittheater.net\/wp-content\/uploads\/2016\/04\/lise_portr-01.jpg\" class=\"alignnone size-full wp-image-770\" src=\"http:\/\/www.portraittheater.net\/wp-content\/uploads\/2016\/04\/lise_portr-01.jpg\" alt=\"lise_portr-01\" width=\"130\" height=\"143\" \/><br \/>\n<span style=\"font-size: small; color: #000000;\">( Quelle: Lotte Meitner-Graf )<\/span><\/p>\n<p><span style=\"color: #000000;\"><b>1878<\/b> 17. November: Lise Meitner wird als Tochter des Rechtsanwalts Philipp Meitner und seiner Frau Hedwig in Wien geboren. Aufgrund eines Fehlers wird ihr Geburtsdatum als 7. November festgehalten. Obwohl beide Elternteile aus j\u00fcdischen Familien stammen, lassen sie ihre Kinder protestantisch taufen.<\/span><\/p>\n<p><span style=\"color: #000000;\"><b>1901<\/b> legt sie eine externe Matura ab. Zeitgleich schlie\u00dft sie ihr Lehrerexamen f\u00fcr Franz\u00f6sisch ab.<\/span><\/p>\n<p><span style=\"color: #000000;\"><b>1901-1906<\/b> Studium der Mathematik, Physik und Philosophie an der Universit\u00e4t Wien.<\/span><\/p>\n<p><span style=\"color: #000000;\"><b>1906<\/b> Meitner promoviert als eine der ersten Frauen an der Universit\u00e4t Wien und zwar \u00fcber die W\u00e4rmeleitung inhomogener K\u00f6rper.<\/span><\/p>\n<p><span style=\"color: #000000;\"><b>1907<\/b> Erste Publikationen \u00fcber Alpha- und Beta-Strahlen. Um sich in der Radiophysik fortzubilden, wechselt sie nach Berlin, wo sie Vorlesungen bei Max Planck h\u00f6rt. Da sich Frauen in Preu\u00dfen erst im Wintersemester 1908\/09 offiziell immatrikulieren d\u00fcrfen, besucht sie die Vorlesungen als Gasth\u00f6rerin. Ihre experimentelle Arbeit setzt sie mit Otto Hahn im chemischen Institut fort. Der Zugang zu den wichtigen Arbeitsr\u00e4umen wird ihr als Frau jedoch untersagt. Sie betritt nur \u00fcber einen Hintereingang das Geb\u00e4ude.<\/span><\/p>\n<p><span style=\"color: #000000;\"><b>1909<\/b> Meitner und Hahn entdecken zusammen den radioaktiven R\u00fccksto\u00df bei der Aussendung von Alpha-Strahlen. Sie tr\u00e4gt ihre Entdeckung vor der Physikalischen Gesellschaft vor.<\/span><\/p>\n<p><span style=\"color: #000000;\"><b>1912<\/b> Weitere Zusammenarbeit mit Hahn am neugegr\u00fcndeten Institut f\u00fcr Chemie der Kaiser-Wilhelm-Gesellschaft in Berlin. Meitner muss ihre T\u00e4tigkeit als Gast unbezahlt aus\u00fcben.<\/span><\/p>\n<p><span style=\"color: #000000;\"><b>1912<\/b> bekommt sie als erste Frau eine Stelle als Assistentin bei Planck an der Universit\u00e4t.<\/span><\/p>\n<p><span style=\"color: #000000;\"><b>1913<\/b> wird sie als wissenschaftliches Mitglied im Kaiser-Wilhelm-Institut f\u00fcr Chemie aufgenommen.<\/span><\/p>\n<p><span style=\"color: #000000;\"><b>1915<\/b> W\u00e4hrend des Ersten Weltkriegs ist sie R\u00f6ntgenschwester in einem Frontlazarett.<\/span><\/p>\n<p><span style=\"color: #000000;\"><b>1917<\/b> setzt sie ihre Zusammenarbeit mit Hahn fort.<\/span><\/p>\n<p><span style=\"color: #000000;\"><b>1918<\/b> Zusammen mit Hahn entdeckt sie das Element Nr. 91 (Protactinium). \u00dcbernahme der Leitung der radiophysikalischen Abteilung am Kaiser-Wilhelm-Institut. Sie widmet sich besonders der Untersuchung von Alpha-, Beta- und Gamma-Strahlung und den damit verbundenen Kernprozessen, die sie international bekannt macht.<\/span><\/p>\n<p><span style=\"color: #000000;\"><b>1922<\/b> Als erste Frau kann sich Meitner in Physik habilitieren.<\/span><\/p>\n<p><span style=\"color: #000000;\"><b>1925<\/b> Meitner beweist, dass die Gamma-Strahlung immer nach der Emission von Alpha- und Beta-Strahlung vom Tochterkern ausgesandt wird.<\/span><\/p>\n<p><span style=\"color: #000000;\"><b>1926<\/b> Meitner wird au\u00dferordentliche Professorin in Berlin.<\/span><\/p>\n<p><span style=\"color: #000000;\"><b>1933<\/b> Nach der Macht\u00fcbernahme der NSDAP wird ihr die Lehrerlaubnis entzogen.<\/span><\/p>\n<p><span style=\"color: #000000;\"><b>1934<\/b> Meitner, Hahn und Fritz Stra\u00dfmann (1902-1980) beginnen mit ihren Forschungen zu Transuraniumelementen.<\/span><\/p>\n<p><span style=\"color: #000000;\"><b>1938<\/b> Juli: Als \u00f6sterreichische Staatsb\u00fcrgerin ist sie nach dem &#8222;Anschluss&#8220; \u00d6sterreichs von den N\u00fcrnberger Rassengesetzen betroffen. Sie flieht \u00fcber Holland nach Schweden, wo sie eine bescheidene Anstellung am Nobel-Institut f\u00fcr Physik findet. Dezember: Hahn und Stra\u00dfmann entdecken die Kernspaltung von Uran und Thorium, wozu Meitner durch briefliche Anregungen ma\u00dfgeblich beigetragen hat.<\/span><\/p>\n<p><span style=\"color: #000000;\"><b>1939<\/b> Meitner und ihr Neffe, der Physiker Otto Robert Frisch liefern die erste theoretische Deutung der Kernspaltung.<\/span><\/p>\n<p><span style=\"color: #000000;\"><b>1945<\/b> Nach dem Abwurf der Atombomben in Hiroshima und Nagasaki wird Meitner als &#8222;Mutter der Atombombe&#8220; beschimpft. F\u00fcr die Entdeckung der Kernspaltung erh\u00e4lt Hahn allein nachtr\u00e4glich (f\u00fcr 1944) den Nobelpreis f\u00fcr Chemie.<\/span><\/p>\n<p><span style=\"color: #000000;\"><b>1946<\/b> Sie h\u00e4lt Gastvorlesungen an der Katholischen Universit\u00e4t in Washington und wird von der amerikanischen Presse zur &#8222;Frau des Jahres&#8220; gew\u00e4hlt.<\/span><\/p>\n<p><span style=\"color: #000000;\"><b>1947<\/b> Forschungsprofessur an der Technischen Hochschule von Stockholm.<\/span><\/p>\n<p><span style=\"color: #000000;\"><b>1955<\/b> Meitner erh\u00e4lt den Otto-Hahn-Preis.<\/span><\/p>\n<p><span style=\"color: #000000;\"><b>1959<\/b> Sie wird mit dem Bundesverdienstkreuz ausgezeichnet.<\/span><\/p>\n<p><span style=\"color: #000000;\"><b>1960<\/b> Emeritierung und \u00dcbersiedlung nach Cambridge (Gro\u00dfbritannien).<\/span><\/p>\n<p><span style=\"color: #000000;\"><b>1964<\/b> Letzter Besuch in Berlin. Teilnahme an einem physikalischen Kolloquium der Physikalischen Gesellschaft der DDR.<\/span><\/p>\n<p><span style=\"color: #000000;\"><b>1966<\/b> Meitner, Hahn und Stra\u00dfmann erhalten den Enrico-Fermi-Preis der Atomenergiekommission der USA.<\/span><\/p>\n<p><span style=\"color: #000000;\"><b>1968<\/b> Am 27. Oktober stirbt Lise Meitner in Cambridge.<\/span><\/p>\n<blockquote><p><span style=\"color: #000000;\">Das Leben muss nicht leicht sein, wenn es nur inhaltsreich ist.<\/span><br \/>\n<span style=\"color: #000000;\"><cite>Lise Meitner<\/cite><\/span><\/p><\/blockquote>\n","protected":false},"excerpt":{"rendered":"<p>( Quelle: Lotte Meitner-Graf ) 1878 17. November: Lise Meitner wird als Tochter des Rechtsanwalts Philipp Meitner und seiner Frau Hedwig in Wien geboren. Aufgrund eines Fehlers wird ihr Geburtsdatum als 7. November festgehalten. Obwohl beide Elternteile aus j\u00fcdischen Familien stammen, lassen sie ihre Kinder protestantisch taufen. 1901 legt sie eine externe Matura ab. Zeitgleich&hellip;<\/p>\n","protected":false},"author":1,"featured_media":0,"parent":217,"menu_order":1,"comment_status":"closed","ping_status":"closed","template":"","meta":{"footnotes":""},"tags":[14],"class_list":["post-646","page","type-page","status-publish","hentry","tag-lise-meitner","empty-entry-meta"],"jetpack_sharing_enabled":true,"_links":{"self":[{"href":"https:\/\/www.portraittheater.net\/index.php?rest_route=\/wp\/v2\/pages\/646","targetHints":{"allow":["GET"]}}],"collection":[{"href":"https:\/\/www.portraittheater.net\/index.php?rest_route=\/wp\/v2\/pages"}],"about":[{"href":"https:\/\/www.portraittheater.net\/index.php?rest_route=\/wp\/v2\/types\/page"}],"author":[{"embeddable":true,"href":"https:\/\/www.portraittheater.net\/index.php?rest_route=\/wp\/v2\/users\/1"}],"replies":[{"embeddable":true,"href":"https:\/\/www.portraittheater.net\/index.php?rest_route=%2Fwp%2Fv2%2Fcomments&post=646"}],"version-history":[{"count":3,"href":"https:\/\/www.portraittheater.net\/index.php?rest_route=\/wp\/v2\/pages\/646\/revisions"}],"predecessor-version":[{"id":3310,"href":"https:\/\/www.portraittheater.net\/index.php?rest_route=\/wp\/v2\/pages\/646\/revisions\/3310"}],"up":[{"embeddable":true,"href":"https:\/\/www.portraittheater.net\/index.php?rest_route=\/wp\/v2\/pages\/217"}],"wp:attachment":[{"href":"https:\/\/www.portraittheater.net\/index.php?rest_route=%2Fwp%2Fv2%2Fmedia&parent=646"}],"wp:term":[{"taxonomy":"post_tag","embeddable":true,"href":"https:\/\/www.portraittheater.net\/index.php?rest_route=%2Fwp%2Fv2%2Ftags&post=646"}],"curies":[{"name":"wp","href":"https:\/\/api.w.org\/{rel}","templated":true}]}}